)?
67
Let q(j) = -j + 19. Suppose -196 + 77 = 7*y. List the prime factors of q(y).
2, 3
Let l be ((-636)/(-8))/((-3)/4). Let d = l - -64. Let o = -26 - d. What are the prime factors of o?
2
Let p(b) = b**2 - b - 1. Suppose 16 = -0*f + 4*f. Let w be p(f). Let y(d) = d - 6. What are the prime factors of y(w)?
5
Suppose 0 = 21*c - 22*c + 33. List the prime factors of c.
3, 11
Let b = -1018 - -1506. What are the prime factors of b?
2, 61
Suppose 6*c - c - 40 = 5*p, -4*p = 0. Suppose c = 8*w - 16. List the prime factors of w.
3
Let w = -6 + 9. Let y(x) = 6 + 3*x + 0 - w - 2*x. List the prime factors of y(11).
2, 7
Let h = -23 + 13. What are the prime factors of -28*(25/h)/5?
2, 7
Let r(g) = -8*g**3 + 2*g**2 - 1. Let v be r(1). Let l = -13 - v. What are the prime factors of l/14 - (-73)/7?
2, 5
What are the prime factors of ((-6)/(-9))/(-8*3/(-49464))?
2, 3, 229
Let m(h) = h**2 - 9*h - 13. Let d be m(-4). Suppose -18 = -j + d. List the prime factors of j.
3, 19
Let q(o) be the third derivative of -o**5/60 + 13*o**4/12 - 31*o**3/6 + 18*o**2. What are the prime factors of q(21)?
2, 37
Suppose 3*j - 3*x = 945, j + 945 = 4*j - 2*x. What are the prime factors of j?
3, 5, 7
Let b be 6 + (-9)/((-9)/(-4)). Suppose b*m - 24 = -q + 43, m + 2*q = 38. List the prime factors of m.
2
Let g(m) = m - 6. Let n be g(9). List the prime factors of (46/(-6) + n)*-12.
2, 7
Let c be (32/(-24))/((-2)/(-6)). Let q = c - -9. Suppose -q*n + 148 = -22. What are the prime factors of n?
2, 17
Let q(v) = -2*v - 5. Let l be q(-4). Suppose 283*y - 279*y = 8. Suppose l*h + 23 = y*c - 76, -c + 69 = 5*h. List the prime factors of c.
2, 3
Let x be 1/(-3) + 164/6. Suppose 0 = -4*n, n + 2 = m + 2*n. Suppose m*l - x = -l. What are the prime factors of l?
3
Suppose -2*t + 5*s + 692 = 4*s, 3*t - 5*s - 1052 = 0. Suppose 0 = -3*l - t - 1330. What are the prime factors of l/(-24) - (-2)/(-8)?
23
Let i = -112 - -114. Let n(a) = -a**3 - 5*a**2 - 2*a - 5. Let s be n(-5). Suppose -5*h - 63 = -i*f - 14, -3*f = -s*h - 71. What are the prime factors of f?
2, 11
Suppose -5*x = -3*j + 31, -11 = 5*j - 4*x - 41. Suppose p + p + 3*o = -27, 0 = -j*p - o - 17. List the prime factors of (-7 - 0)*p/21.
2
Suppose 16*f = 24*f - 160. List the prime factors of f.
2, 5
Suppose -2*i = -6673 + 2211. What are the prime factors of i?
23, 97
Let g(u) = 28*u**2 + 20*u + 81. What are the prime factors of g(-4)?
449
List the prime factors of (-15)/35 + 41136/42.
11, 89
Let d be -15*(-4)/12 + -1. Suppose d*u - 3*u - 17 = 0. List the prime factors of u.
17
Let y(u) = 7*u - 12. Let g(t) = 27*t - 48. Let o(b) = -2*g(b) + 9*y(b). List the prime factors of o(4).
2, 3
Let s(i) = -8*i - 36. Let z be s(-5). Suppose k + 0*w - 59 = 3*w, -3*w = -z*k + 245. List the prime factors of k.
2, 31
What are the prime factors of (-1)/(-4) - (5 + (-10242)/24)?
2, 211
Suppose 5*x - x - 17 = -g, -3*x - 11 = -4*g. Suppose -x*a + 195 = -2*a + 2*w, 3*a = 3*w + 540. Suppose -a = -3*f - 62. List the prime factors of f.
41
Let m = -1459 - -2400. What are the prime factors of m?
941
Let j(c) = -18*c - 7. Let u be j(-8). Let a = u + -72. List the prime factors of a.
5, 13
Suppose -6*k = -4*k - 262. Suppose 3*t + 5*n = 90, -4*n = 4*t - n - k. What are the prime factors of t?
5, 7
Suppose -4*l - 8 = a + 105, -2*a = l + 226. Let c = a + 199. Let z = c - 61. What are the prime factors of z?
5
Let f = 91 + -27. Suppose 0 = -3*n + 2*b + 71, 0*n = -3*n - 5*b + f. Let h = n - -7. What are the prime factors of h?
2, 3, 5
Suppose 4*n = -323 + 1095. List the prime factors of n.
193
Suppose -2*h = 6 - 10. Suppose 0 = h*n - 5*s - 7, 5*n + 3*s + 0*s - 95 = 0. What are the prime factors of n?
2
Let m be (-1 - -1)*(-18)/(-18). Let a(y) = -2*y + 158. What are the prime factors of a(m)?
2, 79
Let k be (-5)/50 - (-1418)/(-20). What are the prime factors of 9/36 - k/4?
2, 3
Let n(j) = -85*j - 6. Let s be (42 - 40)/(0 - (2 + -1)). List the prime factors of n(s).
2, 41
Let q(w) = 24*w**2 - 2*w - 18. List the prime factors of q(-3).
2, 3, 17
Let q = -1629 + 2677. What are the prime factors of q?
2, 131
Let y(i) = i**2 + 6*i + 5. Let j be y(-5). Let q(c) = -2*c**2 - 30*c + 108. Let d be q(-18). Suppose x - 40 + j = d. What are the prime factors of x?
2, 5
Let u = 620 + 662. What are the prime factors of u?
2, 641
List the prime factors of 36/(-6) - 2214/(-9).
2, 3, 5
Suppose 0*n - 3*h - 105 = 5*n, 2*h + 10 = 0. Let t be (-6)/n - 201/9. What are the prime factors of (0 + -5)*t/5?
2, 11
Suppose -3*t = -3, -4*g + 9 = -3*g + 5*t. Let m(s) = -s**3 + s - 4. Let y be m(-3). Suppose c - 20 - 25 = g*v, 5*v = -y. What are the prime factors of c?
29
Suppose 5*o - 4*d = 40, -5*o + 2*d + 128 = 98. Suppose 4*v = -r + 51, 0 = 5*r + 4*v + 103 - 390. Suppose -7 + r = o*t. What are the prime factors of t?
13
List the prime factors of 2/7 + 28900/35.
2, 7, 59
Let o = 37 + -33. Let m(s) = 5*s + 1. Let a be m(3). List the prime factors of (3/o)/(1/a).
2, 3
Let g be (-2 - -5)/((-2)/(-6)). Let q = -6 + g. Suppose 5*n - 15 = 2*r, q*n - 6*n + 4*r - 5 = 0. List the prime factors of n.
5
Suppose 3*t = 2*u - 505, 3*u + 0*t - 730 = -t. List the prime factors of u.
5, 7
Let r = -365 + 807. List the prime factors of r.
2, 13, 17
Let z = 2340 + -695. What are the prime factors of z?
5, 7, 47
Let d(u) = -3516*u - 57. List the prime factors of d(-1).
3, 1153
Let h be 1 + (-3 - -4) - -1. Let f be (-2)/(-6) - h/9. Let n = 34 + f. List the prime factors of n.
2, 17
Let l(s) = -s - 14. Let k be l(-14). Suppose -2*x = -2*b + 382, k*x = -4*b - 2*x + 752. What are the prime factors of b?
3, 7
Let q = -141 + -313. List the prime factors of q/(1 + -1 - 2).
227
Suppose 7*r - 12*r + 5*l = -2330, l + 2334 = 5*r. List the prime factors of r.
467
Let a be 54/8*(-8 + 12). Let h = a - 12. What are the prime factors of h?
3, 5
Let s(q) be the second derivative of -2*q**3/3 - 4*q**2 + q. Let a be 1/8 + 57/(-8). List the prime factors of s(a).
2, 5
Suppose -5*r - 40 = -160. Let o = -14 + r. Suppose 5*u = o + 25. What are the prime factors of u?
7
Suppose 0 = -5*a + 4*a + 21. Suppose -4*r + 169 = a. List the prime factors of r.
37
Let r = 858 - 169. What are the prime factors of r?
13, 53
Let o(h) = h**3 - 5*h**2 + 16. Let l be o(4). List the prime factors of 2/(l + (-6)/(-441)).
3, 7
Suppose 0 = 5*c - u - 28, -4*c + 3*u = -2 - 16. List the prime factors of c/3 + (-420)/(-6).
2, 3
What are the prime factors of 3/(-4) + 22665/60?
13, 29
Let f = -28 + 46. Let c = f - 8. Suppose 4*s - 138 = c. What are the prime factors of s?
37
Suppose 0 = -0*s - 5*s + 15. Suppose 31 = -2*j + 5*i + 211, 0 = -s*j + i + 257. Let h = j - 49. List the prime factors of h.
2, 3
Let r(d) = 43*d + 63. Let t be 63/(-14)*(-16)/12. What are the prime factors of r(t)?
3, 107
Let g be 20/(-2)*((-78)/12 - -6). Suppose -2*f - 69 = -o, 3*f = g - 2. What are the prime factors of o?
71
Let p(l) = l**3 + 8*l**2 + 8*l - 1. Let n be p(-6). Let k = n + -54. Let f = -1 - k. List the prime factors of f.
2, 3, 5
Let x = -564 + 1027. What are the prime factors of x?
463
List the prime factors of (563/7 - 1) + (-8)/(-14).
2, 5
Let k(q) be the second derivative of 5*q**4/12 - q**3/3 - q**2 - 27*q. What are the prime factors of k(-4)?
2, 43
Let a be (44 - 8)*2/4. Suppose -318 = -a*t + 2994. What are the prime factors of t?
2, 23
Suppose -76*t + 69*t = -12635. What are the prime factors of t?
5, 19
Suppose 0 = -2*h + h + 2*v - 37, 0 = -5*h - 4*v - 185. Let g = -1 - h. List the prime factors of g.
2, 3
Let r(h) = -h**2 - 2*h - 1. Let i be r(-1). Let t be (-1 + i)*-51 - 3. Suppose -3*w = -5*v + 27 - 68, 4*w - t = 5*v. List the prime factors of w.
7
Let m be (-6)/(-8)*(25 + -5). Let g = m + -10. Suppose 0 = -3*j + 7*j - 2*x - 104, x + 124 = g*j. List the prime factors of j.
2, 3
Let o(m) = m**2 + 23*m. Let f be o(-23). Let b(w) = -2*w**2 - 2*w + 1. Let h(z) = -z**2 - z. Let q(i) = 6*b(i) - 11*h(i). What are the prime factors of q(f)?
2, 3
Let d = -4 - -9. Suppose 2*v = -a + d*v, 0 = a + 3*v. Suppose a = 2*n - 4*s - 48, -5*n + 34 = -5*s - 91. List the prime factors of n.
2, 13
Let z(q) = 5*q + 6. Let g be z(7). Let r = 98 - g. What are the prime factors of r?
3, 19
Suppose -o = 5 - 123. Suppose 2*r + 14 - o = 4*g, 3*g + 288 = 5*r. What are the prime factors of r?
2, 3, 5
Let l